s the units digit of 589?
9
What is the hundreds digit of 11590?
5
What is the units digit of 652?
2
What is the thousands digit of 1028?
1
What is the tens digit of 17681?
8
What is the hundreds digit of 431?
4
What is the units digit of 2661?
1
What is the units digit of 930?
0
What is the units digit of 23111?
1
What is the hundreds digit of 192?
1
What is the units digit of 17236?
6
What is the thousands digit of 2487?
2
What is the hundred thousands digit of 112455?
1
What is the hundreds digit of 476?
4
What is the units digit of 4877?
7
What is the hundreds digit of 5521?
5
What is the units digit of 792?
2
What is the thousands digit of 28344?
8
What is the hundreds digit of 146?
1
What is the ten thousands digit of 36918?
3
What is the tens digit of 5869?
6
What is the thousands digit of 1770?
1
What is the tens digit of 1518?
1
What is the thousands digit of 2484?
2
What is the units digit of 1160?
0
What is the units digit of 67?
7
What is the thousands digit of 1598?
1
What is the tens digit of 1886?
8
What is the tens digit of 16275?
7
What is the units digit of 7147?
7
What is the units digit of 60918?
8
What is the units digit of 91900?
0
What is the thousands digit of 19754?
9
What is the tens digit of 4900?
0
What is the ten thousands digit of 78303?
7
What is the tens digit of 1384?
8
What is the hundreds digit of 1363?
3
What is the tens digit of 2595?
9
What is the hundreds digit of 11056?
0
What is the hundreds digit of 8056?
0
What is the thousands digit of 2099?
2
What is the tens digit of 21322?
2
What is the tens digit of 7759?
5
What is the tens digit of 13447?
4
What is the thousands digit of 12365?
2
What is the hundreds digit of 28471?
4
What is the hundreds digit of 504?
5
What is the tens digit of 256?
5
What is the thousands digit of 6270?
6
What is the tens digit of 1278?
7
What is the thousands digit of 14052?
4
What is the units digit of 2359?
9
What is the hundreds digit of 1504?
5
What is the thousands digit of 54885?
4
What is the units digit of 60398?
8
What is the thousands digit of 49012?
9
What is the tens digit of 1133?
3
What is the tens digit of 4675?
7
What is the hundreds digit of 24448?
4
What is the tens digit of 33769?
6
What is the units digit of 1789?
9
What is the tens digit of 64?
6
What is the thousands digit of 1080?
1
What is the tens digit of 1690?
9
What is the thousands digit of 52595?
2
What is the thousands digit of 2532?
2
What is the thousands digit of 1610?
1
What is the hundreds digit of 396?
3
What is the tens digit of 3106?
0
What is the hundred thousands digit of 169100?
1
What is the units digit of 3380?
0
What is the thousands digit of 7364?
7
What is the tens digit of 1483?
8
What is the hundreds digit of 1566?
5
What is the tens digit of 37755?
5
What is the units digit of 542?
2
What is the units digit of 4464?
4
What is the units digit of 4931?
1
What is the thousands digit of 32190?
2
What is the units digit of 5784?
4
What is the hundreds digit of 17437?
4
What is the ten thousands digit of 17747?
1
What is the units digit of 49395?
5
What is the hundreds digit of 743?
7
What is the units digit of 534?
4
What is the hundreds digit of 8159?
1
What is the units digit of 7864?
4
What is the tens digit of 623?
2
What is the units digit of 16300?
0
What is the tens digit of 2279?
7
What is the hundreds digit of 41426?
4
What is the tens digit of 2392?
9
What is the thousands digit of 15707?
5
What is the hundreds digit of 8272?
2
What is the hundreds digit of 38603?
6
What is the units digit of 97198?
8
What is the tens digit of 97508?
0
What is the tens digit of 85?
8
What is the tens digit of 1293?
9
What is the units digit of 1502?
2
What is the tens digit of 7019?
1
What is the hundreds digit of 13715?
7
What is the tens digit of 132?
3
What is the thousands digit of 2544?
2
What is the hundreds digit of 16618?
6
What is the units digit of 89440?
0
What is the thousands digit of 59282?
9
What is the thousands digit of 22276?
2
What is the hundreds digit of 118733?
7
What is the tens digit of 2574?
7
What is the tens digit of 1852?
5
What is the hundreds digit of 122766?
7
What is the tens digit of 5801?
0
What is the units digit of 1888?
8
What is the thousands digit of 37076?
7
What is the hundreds digit of 1560?
5
What is the tens digit of 548?
4
What is the hundreds digit of 9586?
5
What is the ten thousands digit of 119514?
1
What is the units digit of 13709?
9
What is the units digit of 8700?
0
What is the units digit of 9719?
9
What is the units digit of 5965?
5
What is the units digit of 137490?
0
What is the units digit of 1354?
4
What is the units digit of 1792?
2
What is the hundreds digit of 5253?
2
What is the tens digit of 825?
2
What is the hundreds digit of 551?
5
What is the units digit of 418?
8
What is the units digit of 7719?
9
What is the hundreds digit of 33034?
0
What is the hundreds digit of 845?
8
What is the units digit of 5194?
4
What is the hundreds digit of 27999?
9
What is the units digit of 150502?
2
What is the hundreds digit of 49470?
4
What is the hundreds digit of 4587?
5
What is the hundreds digit of 1930?
9
What is the tens digit of 114269?
6
What is the hundreds digit of 1130?
1
What is the ten thousands digit of 64357?
6
What is the tens digit of 1486?
8
What is the units digit of 1984?
4
What is the hundreds digit of 3513?
5
What is the tens digit of 155467?
6
What is the hundreds digit of 300?
3
What is the thousands digit of 1582?
1
What is the units digit of 6903?
3
What is the ten thousands digit of 24271?
2
What is the units digit of 7379?
9
What is the hundreds digit of 272?
2
What is the units digit of 16467?
7
What is the units digit of 77869?
9
What is the thousands digit of 3986?
3
What is the thousands digit of 1186?
1
What is the hundreds digit of 20429?
4
What is the thousands digit of 18459?
8
What is the hundreds digit of 295?
2
What is the hundreds digit of 385?
3
What is the thousands digit of 12043?
2
What is the units digit of 12816?
6
What is the units digit of 95503?
3
What is the hundreds digit of 1112?
1
What is the units digit of 29450?
0
What is the units digit of 20506?
6
What is the thousands digit of 139581?
9
What is the tens digit of 1671?
7
What is the thousands digit of 1553?
1
What is the thousands digit of 8601?
8
What is the tens digit of 212?
1
What is the hundred thousands digit of 111829?
1
What is the hundreds digit of 95693?
6
What is the hundreds digit of 15382?
3
What is the units digit of 7483?
3
What is the hundreds digit of 129?
1
What is the units digit of 9?
9
What is the units digit of 17051?
1
What is the tens digit of 26933?
3
What is the thousands digit of 27544?
7
What is the hundreds digit of 98865?
8
What is the tens digit of 505?
0
What is the hundreds digit of 106630?
6
What is the hundreds digit of 8061?
0
What is the thousands digit of 1341?
1
What is the tens digit of 18377?
7
What is the thousands digit of 42102?
2
What is the hundreds digit of 1990?
9
What is the thousands digit of 4633?
4
What is the hundreds digit of 19406?
4
What is the thousands digit of 76677?
6
What is the units digit of 25768?
8
What is the thousands digit of 52215?
2
What is the hundreds digit of 182?
1
What is the tens digit of 111515?
1
What is the ten thousands digit of 150373?
5
What is the thousands digit of 16817?
6
What is the tens digit of 17423?
2
What is the units digit of 20268?
8
What is the hundreds digit of 1979?
9
What is the units digit of 8809?
9
What is the thousands digit of 197450?
7
What is the tens digit of 252?
5
What is the tens digit of 64500?
0
What is the hundreds digit of 69888?
8
What is the hundreds digit of 732?
7
What is the units digit of 176?
6
What is the units digit of 108345?
5
What is the units digit of 24039?
9
What is the units digit of 44386?
6
What is the hundreds digit of 2717?
7
What is the units digit of 3326?
6
What is the units digit of 497?
7
What is the tens digit of 81216?
1
What is the tens digit of 17?
1
What is the tens digit of 1538?
3
What is the thousands digit of 2042?
2
What is the units digit of 62618?
8
What is the units digit of 841?
1
What is the units digit of 2116?
6
What is the units digit of 2125?
5
What is the thousands digit